Calculate the remainder when 383 is divided by 98.
89
What is the remainder when 1043 is divided by 39?
29
What is the remainder when 17689 is divided by 58?
57
What is the remainder when 214 is divided by 45?
34
Calculate the remainder when 668 is divided by 67.
65
Calculate the remainder when 51 is divided by 9.
6
Calculate the remainder when 206 is divided by 32.
14
What is the remainder when 189 is divided by 94?
1
What is the remainder when 369 is divided by 57?
27
Calculate the remainder when 8300 is divided by 24.
20
Calculate the remainder when 2186 is divided by 15.
11
Calculate the remainder when 142 is divided by 57.
28
What is the remainder when 366 is divided by 16?
14
Calculate the remainder when 296 is divided by 84.
44
Calculate the remainder when 178 is divided by 5.
3
What is the remainder when 4900 is divided by 114?
112
What is the remainder when 326 is divided by 7?
4
Calculate the remainder when 20 is divided by 10.
0
What is the remainder when 15204 is divided by 371?
364
What is the remainder when 964 is divided by 194?
188
Calculate the remainder when 273 is divided by 25.
23
What is the remainder when 74 is divided by 36?
2
What is the remainder when 278 is divided by 47?
43
Calculate the remainder when 1215 is divided by 1204.
11
Calculate the remainder when 145 is divided by 14.
5
What is the remainder when 263 is divided by 49?
18
What is the remainder when 925 is divided by 155?
150
What is the remainder when 205 is divided by 54?
43
Calculate the remainder when 12 is divided by 11.
1
What is the remainder when 814 is divided by 68?
66
What is the remainder when 153 is divided by 53?
47
Calculate the remainder when 502 is divided by 35.
12
Calculate the remainder when 762 is divided by 30.
12
What is the remainder when 59 is divided by 25?
9
Calculate the remainder when 22 is divided by 4.
2
Calculate the remainder when 607 is divided by 62.
49
Calculate the remainder when 135 is divided by 34.
33
What is the remainder when 619 is divided by 19?
11
What is the remainder when 132 is divided by 88?
44
What is the remainder when 418 is divided by 385?
33
Calculate the remainder when 278 is divided by 28.
26
Calculate the remainder when 25 is divided by 9.
7
Calculate the remainder when 39 is divided by 1.
0
What is the remainder when 7756 is divided by 18?
16
Calculate the remainder when 237 is divided by 17.
16
What is the remainder when 183 is divided by 14?
1
What is the remainder when 450 is divided by 111?
6
What is the remainder when 1193 is divided by 588?
17
Calculate the remainder when 6574 is divided by 94.
88
What is the remainder when 3491 is divided by 36?
35
Calculate the remainder when 404 is divided by 84.
68
Calculate the remainder when 25 is divided by 24.
1
What is the remainder when 110 is divided by 56?
54
What is the remainder when 199 is divided by 56?
31
What is the remainder when 96 is divided by 36?
24
Calculate the remainder when 2611 is divided by 21.
7
What is the remainder when 524 is divided by 258?
8
Calculate the remainder when 94 is divided by 93.
1
Calculate the remainder when 111 is divided by 30.
21
Calculate the remainder when 1038 is divided by 116.
110
Calculate the remainder when 48 is divided by 30.
18
Calculate the remainder when 69 is divided by 6.
3
Calculate the remainder when 224 is divided by 46.
40
Calculate the remainder when 285 is divided by 29.
24
Calculate the remainder when 153 is divided by 39.
36
What is the remainder when 158 is divided by 71?
16
What is the remainder when 196 is divided by 10?
6
Calculate the remainder when 2002 is divided by 118.
114
What is the remainder when 256 is divided by 43?
41
What is the remainder when 51 is divided by 18?
15
Calculate the remainder when 148 is divided by 130.
18
Calculate the remainder when 127 is divided by 33.
28
What is the remainder when 4893 is divided by 1626?
15
Calculate the remainder when 181 is divided by 81.
19
What is the remainder when 436 is divided by 19?
18
Calculate the remainder when 283 is divided by 26.
23
Calculate the remainder when 8 is divided by 7.
1
Calculate the remainder when 88 is divided by 23.
19
Calculate the remainder when 144 is divided by 23.
6
Calculate the remainder when 646 is divided by 81.
79
Calculate the remainder when 136 is divided by 13.
6
What is the remainder when 2065 is divided by 207?
202
What is the remainder when 2574 is divided by 10?
4
What is the remainder when 359 is divided by 181?
178
Calculate the remainder when 246 is divided by 23.
16
What is the remainder when 263 is divided by 22?
21
Calculate the remainder when 686 is divided by 168.
14
Calculate the remainder when 116 is divided by 33.
17
Calculate the remainder when 450 is divided by 18.
0
What is the remainder when 44 is divided by 9?
8
What is the remainder when 88 is divided by 10?
8
Calculate the remainder when 123 is divided by 63.
60
What is the remainder when 69 is divided by 12?
9
What is the remainder when 24330 is divided by 44?
42
What is the remainder when 329 is divided by 195?
134
Calculate the remainder when 731 is divided by 276.
179
Calculate the remainder when 2986 is divided by 70.
46
Calculate the remainder when 1836 is divided by 80.
76
Calculate the remainder when 171 is divided by 35.
31
Calculate the remainder when 921 is divided by 7.
4
Calculate the remainder when 1893 is divided by 51.
6
Calculate the remainder when 3414 is divided by 228.
222
What is the remainder when 123 is divided by 78?
45
What is the remainder when 378 is divided by 48?
42
What is the remainder when 206 is divided by 113?
93
What is the remainder when 2280 is divided by 6?
0
What is the remainder when 197 is divided by 40?
37
Calculate the remainder when 1669 is divided by 30.
19
Calculate the remainder when 1710 is divided by 44.
38
What is the remainder when 357 is divided by 348?
9
What is the remainder when 737 is divided by 168?
65
What is the remainder when 76 is divided by 2?
0
What is the remainder when 16041 is divided by 61?
59
What is the remainder when 441 is divided by 50?
41
Calculate the remainder when 332 is divided by 23.
10
What is the remainder when 449 is divided by 239?
210
Calculate the remainder when 15 is divided by 10.
5
Calculate the remainder when 58 is divided by 37.
21
What is the remainder when 1603 is divided by 146?
143
Calculate the remainder when 2791 is divided by 59.
18
What is the remainder when 5303 is divided by 5290?
13
Calculate the remainder when 1483 is divided by 45.
43
Calculate the remainder when 276 is divided by 182.
94
Calculate the remainder when 629 is divided by 330.
299
What is the remainder when 406 is divided by 111?
73
What is the remainder when 887 is divided by 27?
23
Calculate the remainder when 754 is divided by 185.
14
Calculate the remainder when 167 is divided by 28.
27
What is the remainder when 180 is divided by 89?
2
What is the remainder when 1184 is divided by 84?
8
Calculate the remainder when 428 is divided by 43.
41
Calculate the remainder when 96 is divided by 43.
10
Calculate the remainder when 202 is divided by 201.
1
What is the remainder when 155 is divided by 15?
5
Calculate the remainder when 1908 is divided by 112.
4
What is the remainder when 375 is divided by 10?
5
What is the remainder when 767 is divided by 53?
25
What is the remainder when 12527 is divided by 27?
26
Calculate the remainder when 3275 is divided by 182.
181
What is the remainder when 295 is divided by 27?
25
Calculate the remainder when 74 is divided by 6.
2
What is the remainder when 358 is divided by 75?
58
What is the remainder when 171 is divided by 117?
54
Calculate the remainder when 3549 is divided by 8.
5
What is the remainder when 45 is divided by 7?
3
What is the remainder when 3728 is divided by 41?
38
What is the remainder when 17782 is divided by 18?
16
Calculate the remainder when 4677 is divided by 10.
7
What is the remainder when 663 is divided by 102?
51
Calculate the remainder when 69 is divided by 9.
6
Calculate the remainder when 1330 is divided by 343.
301
What is the remainder when 251 is divided by 131?
120
What is the remainder when 783 is divided by 131?
128
Calculate the remainder when 39988 is divided by 93.
91
What is the